 + 4. Let s(v) = -2*v**2 + 11*v + 7. Let g(h) = 13*i(h) - 6*s(h). Let o be g(0). Let d(w) = w - 10. Give d(o).
0
Let m(j) = -3*j**2 - 17*j + 3. Let n(a) = -5*a**2 - 32*a + 6. Let y(o) = -7*m(o) + 4*n(o). Let k = 35 - 30. Determine y(k).
-17
Let o(x) = -8193*x**2 + 4*x - x**3 - 12 + 0 + 8197*x**2. Calculate o(4).
4
Suppose 3*k + 34 = 5*a, 4*a - k - k = 28. Suppose 0 = o - 5*o + a. Let f(b) = -3*b**o + 3*b**3 - 4*b**3 - 2*b**2 + 5 + 6*b. Calculate f(-6).
5
Let r(a) = -a**2 + 2*a + 4. Suppose 0 = 8*p + 121 - 561. Let s = -52 + p. Calculate r(s).
1
Let h(r) = 2*r**2 + 48*r + 185. Let j be h(-5). Let y(g) = 2*g - 7. Determine y(j).
-17
Let w(l) = -2. Suppose -4*z - 2 = 2*i, 0*i - 3 = i. Let g(d) = d - 12. Let h(y) = z*g(y) - w(y). Give h(6).
-4
Let r(x) = -3*x**2 + 12*x - 55. Let d be r(9). Let l = d - -189. Let y(i) = -14*i**2. What is y(l)?
-14
Suppose 2*b = 16*b - 32 - 10. Let s(d) = -822 + 2*d + 822. Determine s(b).
6
Let t(b) be the second derivative of -5/6*b**3 - 7/2*b**2 + 30*b + 0 - 1/12*b**4. What is t(-5)?
-7
Let n(w) = 2*w**3 + 6*w**2 + 2*w + 1. Let s(u) = 0*u**2 - 2 - u + u**3 - 4*u**2 - u**2 + 1 - 3*u**3. Let z(b) = 3*n(b) + 4*s(b). Determine z(1).
-3
Let o(l) be the first derivative of l**3/3 - 4*l**2 + 6*l - 3. Suppose -5*y = 4*c - 42, -110*c + 2*y + 28 = -106*c. Determine o(c).
6
Let p(o) = 19*o + 135. Let z be p(-7). Suppose 4*a + d = -33, -z*a - 5 = d + 14. Let n(i) = 7 + 0 + 3*i - 4*i + i**3 + 7*i**2. Give n(a).
14
Let a(y) = y**2 + 3*y + 3. Let k = 2750 + -2751. What is a(k)?
1
Let h(s) = -3*s**3 - 20*s**2 + 10*s + 30. Let k(u) = -17*u**3 - 102*u**2 + 49*u + 148. Let a(j) = -11*h(j) + 2*k(j). Calculate a(15).
11
Let a(p) be the second derivative of -p**5/20 - p**4/2 - 2*p**3/3 + 7*p**2/2 + 12*p + 4. Let r be -3*((-4)/1 - -3). Let m = r + -8. Give a(m).
2
Let r(i) = -i**2 + 10*i - 10. Let w(l) = 2*l**3 - 24*l**2 + 30*l - 725. Let d be w(13). Give r(d).
11
Let d(h) = -h**2 - 1. Let b be 1 - ((-4 - -4) + 5). Let i(n) = -n**3 + 11*n**2 - 3*n + 1. Let k(m) = b*d(m) - i(m). Determine k(4).
-33
Let f(l) = -15*l**2 + 22*l - 11. Let n(t) = 7*t**2 - 11*t + 5. Let d(y) = -6*f(y) - 13*n(y). Let p(c) = 852*c - 3397. Let h be p(4). Give d(h).
1
Let k = -43 - -47. Let m be k/42 + (-366)/(-126). Suppose m*y + 9 = 0, -2*y - 36 = -5*t + 10*t. Let u(x) = -x**2 - 9*x - 5. What is u(t)?
13
Let o be 1/5 - (-3328)/(-640). Let z be (7/14)/(1/10). Let w(b) = 6*b + 11. Let t(i) = 7*i + 12. Let m(n) = z*t(n) - 6*w(n). Calculate m(o).
-1
Let s(a) = -2*a**2 + 3. Let u(p) = p**3 + p**2 - 22*p - 2. Let y be u(0). Give s(y).
-5
Let w(l) = -3*l - 23. Let i(v) = v**3 + 7*v**2 - 2*v - 8. Let z be i(-7). Let g(q) = q + 3. Let x(j) = z*g(j) + w(j). Determine x(6).
13
Let d(m) be the first derivative of m**3/3 - 2*m**2 - 2*m - 4. Suppose 22*y - 1313*y = -2491 - 3964. What is d(y)?
3
Let p(m) be the third derivative of m**4/24 - 13*m**3/6 - 459*m**2. Determine p(11).
-2
Let z(r) = -r**3 - 5*r**2 + 8*r + 15. Let p(t) = 7*t + 8. Let m = -7 + 5. Let d be p(m). Let s be z(d). Let w(b) = b**3 - b**2 - 4. Determine w(s).
14
Let m(d) = d**2 - 10*d - 7. Suppose 45*s + 587 - 1847 = 0. Suppose s*n + 48 = 34*n. Determine m(n).
-23
Let p(j) = -j**3 + 2*j**2 + 3*j + 4. Let y(u) = u**2 - 15*u - 13. Let r be y(16). Let t be (-2)/r + (-6)/(-9) + 0. Suppose -s + t*s = -3. Give p(s).
4
Let y(u) be the first derivative of -10*u**3 + 151*u**2/2 - u - 228. Determine y(5).
4
Suppose 72*t + 702 = -45*t. Let r(i) = -i**3 - 6*i**2 + 3*i - 6. What is r(t)?
-24
Let r(b) = -6*b + 19*b**2 + 6 - 4*b**2 - 16*b**2. Let m = 40 - 46. Calculate r(m).
6
Suppose -3*x + 3*t = -18, -2*x - 2*t - 5 = -33. Suppose 0 = -x*a + 71 + 29. Let w(r) = -r**2 - a - 7 - 5*r + 17. Give w(-5).
0
Let t(l) = -l**3 + 8*l**2 - 7*l + 2. Let r be t(4). Suppose -28*w = -29*w + r. Let k = 38 - w. Let s(z) = -z**3 - z**2 + 7. Calculate s(k).
7
Suppose 0 = -3*h + 2*p - 2, p - 8 = -p. Let r be (-42)/(-28)*(-4)/h. Let b(j) be the first derivative of j**4/4 + 4*j**3/3 + 3*j**2/2 + 4*j - 171. Give b(r).
4
Let i(a) = -11 + 0*a + 2 - 2*a. Suppose 640 = 1125*s - 1109*s. Suppose s*x = 58*x + 144. Calculate i(x).
7
Suppose 222 - 68 = 22*r. Let h(g) be the first derivative of -g**3/3 + 5*g**2/2 - 4*g + 27. Calculate h(r).
-18
Suppose 5*i = -0*i + 20. Let f(k) = 0 + k**2 - i*k + 3*k + k**2 - 1. Let t(p) = p - 9. Let m be t(8). Calculate f(m).
2
Let f(j) = -j**3 + 10*j**2 - 16*j - 12. Let a be (10 - 11) + (-9)/(-1). Calculate f(a).
-12
Let m = 522 - 516. Let d(q) be the second derivative of q**4/6 - 3*q**3/2 + q**2 - q. Let t(i) be the first derivative of d(i). Determine t(m).
15
Let i(k) = -3*k + 4. Let c(z) = 2*z - 3. Let o(q) = -4*c(q) - 3*i(q). Suppose 31 = -2*g + 159. Suppose 5*m - g = -89. Determine o(m).
-5
Let u(k) be the second derivative of -k**4/24 - 13*k**3/6 - 71*k**2 - 3*k + 6. Let d(j) be the first derivative of u(j). Give d(-8).
-5
Let a = 6571 + -6568. Let z(y) = -2*y**3 + 3*y**2. Calculate z(a).
-27
Let c = -1019 + 1014. Let f(r) be the third derivative of -r**5/60 - r**4/6 + 5*r**3/6 - 7*r**2. Calculate f(c).
0
Suppose 0 = -9*x + 12*x - 24. Suppose 0 = -x*q + 24 - 0. Let m(l) = -5 + 1 + 4*l**2 - 3*l + 3489*l**3 - 3488*l**q. Give m(-4).
8
Suppose 0 = -155*o + 251 + 59. Let b(a) be the second derivative of 1/2*a**o + 0 + 2/3*a**3 - 1/12*a**4 + 3*a. What is b(3)?
4
Let z(n) = -1087*n**2 - 119*n - 1304. Let x(w) = -435*w**2 - 59*w - 652. Let o(u) = 5*x(u) - 2*z(u). Calculate o(-16).
4
Suppose -100*f + 3*w = -97*f - 18, 0 = 2*f - 3*w - 12. Let g(r) = -2*r**2 + 11*r + 14. Give g(f).
8
Let x(g) = g - 33. Let m be x(17). Let o = m + 25. Let s be ((-8)/(-3))/(6/o)*-1. Let p(t) = -3*t - 4. Determine p(s).
8
Let d(k) = -3*k + 7. Suppose -o = -2*o + y + 6, 14 = 5*o + 3*y. Suppose -3*m = o*i + 3 - 15, -2*i = 3*m. Give d(i).
-11
Let d(w) = w. Let q(u) = 20*u. Let x be (16/3)/(2/6). Let a(h) = x*d(h) - q(h). Suppose -142*g - 288*g + 781 - 2037 - 2184 = 0. What is a(g)?
32
Suppose -5*t = -4*b - 0*t - 29, -3*b + 2*t = 13. Let x be ((-5)/3)/(b/(-3)). Let w(y) = -y**2 - y + 3. Give w(x).
-17
Let z(r) = 2*r + 50. Suppose 0 = -4*b - 3 - 17, b = 2*p + 37. Give z(p).
8
Let k(d) = 557*d - 10587. Let p be k(19). Let z(q) = 3*q**2 + 14*q - 3. Calculate z(p).
-11
Suppose 7*b - 12 = 3*b. Let p(y) = -81*y + 5. Let l(w) = -183*w + 12. Let r(j) = 4*l(j) - 9*p(j). Calculate r(b).
-6
Let c(o) = -6*o**3 + 3*o**2 + 3*o + 2. Let q(p) = -53*p + 137. Let x be q(16). Let r = x - -709. What is c(r)?
56
Let q(i) = -12*i + 3. Suppose 20*r = 15*r + 5. Let z be 10/(-40)*0/r. Suppose z = 3*p - 0 - 6. Give q(p).
-21
Let t(m) = -3*m**3 + 27*m**2 - 4*m - 48. Let r(l) = 14*l**3 - 112*l**2 + 17*l + 193. Let x(d) = 2*r(d) + 9*t(d). Give x(-19).
-8
Let o(s) = -s - 2. Suppose 5*a + 5*g - 15 = 0, -5*a - 3 = 25*g - 26*g. Suppose a = 7*w - 3 + 31. What is o(w)?
2
Let b(k) = k**2 - 11*k - 11. Suppose -3*z = l - 34, -54*l - 1 = -55*l. Give b(z).
-11
Let w = 119 + -183. Let m = 66 + w. Suppose -3*p + 3*v = -4*p + 9, m*p - 2*v = -6. Let f(y) = -y**2 + 6. Calculate f(p).
6
Suppose 4*k + 3*n = 2*n + 3, -2*n = -3*k + 16. Let s(i) = -4*i + 63*i**3 + 104*i**3 - 190*i**3 - 2*i**2 + 3 + 24*i**3 + 0*i. Calculate s(k).
-5
Let y(c) = 13*c + 73. Let o be 6/7 - (-3135)/(-399). Determine y(o).
-18
Let l(g) = g**3 - 14*g**2 - 16*g + 19. Let k(f) be the first derivative of 2*f**3/3 + 5*f**2/2 - 10*f - 158. Let u be k(-5). Calculate l(u).
4
Let w be (0 + (3 + 8)/22)*-16. Let j(z) = z**3 + 3 - 13 + 9*z**2 + 0*z + 6*z. What is j(w)?
6
Let n(u) = -3*u**3 - 2*u - 1. Let o(l) = -3*l**2 - 17*l + 2. Let a be o(-5). Suppose -2*m = 2*b + 10, 5*m - a*b + 13*b + 9 = 0. Calculate n(m).
4
Let k(r) = -5*r + 21 + 3*r - 2 + 4*r + 8. Give k(-9).
9
Let d(j) be the third derivative of j**5/60 + j**4/8 - j**3 + 51*j**2 - j. Suppose -7*m + 5*m + 10 = 5*y, -3*m - 27 = -3*y. Calculate d(y).
22
Let v(y) be the second derivative of -5*y**3/6 + 31*y**2/2 + 981*y + 2. What is v(6)?
1
Suppose 70*f - 30 = 308*f - 268*f. Let v(k) = k - 5. Let m be v(6). Let w(p) = 3*p + 2 - 4*p**3 - 5*p - m + p**2. Give w(f).
-4
Let p(t) = -t**3 + 5*t**2 + 6*t. Let d = 67 - 61. Suppose -d = 5*l - 6*l. What is p(l)?
0
Let g(t) = -5 + 0 + 6 + 2*t + 2*t**2 - t**2. Suppose 5*b - 3 = -3*v, -3 = 4*b - 7*v + 4*v. Suppose b = 3*u - 3*m + 24, -3*